u = -w - 6 + 39. What is the greatest common factor of 11 and w?
11
Suppose 65*b - 69*b = -704. Calculate the greatest common divisor of 22 and b.
22
Suppose -5*p + 77 = -3*k, 4*p - 3*k = -2*k + 63. Let t be p*-4*(-30)/12. Calculate the greatest common factor of t and 20.
20
Let c(h) = h**2 + 2*h - 3. Let w be c(-5). What is the greatest common divisor of w and 6?
6
Suppose -10*b + 16*b = 1056. What is the highest common divisor of 22 and b?
22
Let f = 258 - 130. Calculate the highest common factor of 16 and f.
16
Let s be (6/(-10))/(1/(-10)). Let t be (-224)/(-10) - s/15. Calculate the highest common factor of t and 44.
22
Let p = -21 + 25. Suppose -2*d = -3*t, 4*d = -0*d - 2*t. Suppose d*q - 168 = -p*q. What is the highest common divisor of q and 21?
21
Suppose -5*n = -67 + 17. Let w(v) = 12*v + 20. Let r be w(5). What is the greatest common divisor of r and n?
10
Let l(a) = -a**3 - 4*a**2 + 6*a + 7. Let o be l(-5). Suppose -13 = -o*s + s. Suppose -3*m + 455 = 2*m. What is the greatest common divisor of m and s?
13
Let o be 2244/10 + ((-32)/20)/4. Calculate the greatest common factor of o and 28.
28
Let k be (1 + -2)*-17 + -1. Let q be -1 + 42 - (-4 - -6). Let s = 9 + q. Calculate the greatest common factor of s and k.
16
Let s(v) = -30*v**2. Let u be s(-1). Let l be ((-24)/10)/(9/u). Suppose -2*z = l - 80. Calculate the greatest common factor of z and 90.
18
Suppose -13*b + 10*b + 30 = 0. What is the greatest common factor of b and 110?
10
Let i = 13 - -15. Suppose -s - s + i = 0. Let l = -8 + 10. What is the highest common divisor of l and s?
2
Let i be 3/6 - (-44)/8. Let r(x) = 2*x - 1. Let q be r(i). Let h = 16 - -61. What is the highest common factor of q and h?
11
Let n be 6/(-4)*(0 - (-8)/(-12)). Calculate the greatest common factor of 3 and n.
1
Let w be ((-20)/25)/((-2)/10). Suppose 2*u + 3*u = -20. Let h be 2/u + 57/2. Calculate the greatest common factor of h and w.
4
Let y be ((-10)/(-4))/(1/2). Suppose -3*k = -7*k + 16, -k + 1 = -3*a. Suppose 0 = 5*q + a - 26. Calculate the greatest common factor of y and q.
5
Let o(p) = 2*p**2 - 4*p + 3. Let m be o(2). Suppose 31 = -5*u - 129. Let l = u + 59. What is the greatest common divisor of m and l?
3
Suppose -8 = -a - 3. Suppose -5*t + 386 = -a*c - 299, -5*t = -4*c - 683. Calculate the highest common factor of 15 and t.
15
Let d be (2/3)/((-4)/(-6)). Let m be 10 + (-3 - (-2 + d)). Suppose -2*u = 2*k - 13 - 93, 5*u - 209 = -4*k. Calculate the highest common divisor of k and m.
8
Suppose 0 = 3*n + 2*x, 4*n + 0*n = -x. Suppose -l + 120 = b + 4*b, n = -2*l. Let q be -12*1*4/(-6). Calculate the highest common factor of q and b.
8
Let p be (-3)/(-15) + 648/10. Suppose 9 = -x + 35. Calculate the highest common factor of x and p.
13
Let k(l) = -8*l - 2 - 15*l - 1. Let m be k(-5). Let b = -15 - -31. Calculate the greatest common divisor of b and m.
16
Let r = 10 + -5. Let j(s) = -s**2 + 5*s - 2. Let b be j(3). Suppose 0 = -b*u + 7 + r. What is the greatest common divisor of 27 and u?
3
Let y = 129 + -85. What is the highest common factor of y and 4?
4
Let t = 58 + -32. Let s = -13 - -78. Calculate the greatest common divisor of s and t.
13
Suppose -10 + 3 = -a. Let f(h) = -2*h - 1. Let b be f(-1). Suppose -q - b = -15. What is the greatest common divisor of q and a?
7
Suppose 0 = 2*p - 2, g - 46 = -4*g - p. Calculate the greatest common divisor of 81 and g.
9
Let z(c) = c**2 + c + 1. Let h(n) = -3*n**2 - 8*n - 5. Let u(o) = -h(o) - 2*z(o). Let p be u(-9). What is the greatest common factor of 12 and p?
6
Let g be 3/(-9) + 98/6. What is the highest common factor of 48 and g?
16
Let q be 37/4 + (-2)/8. Let a(k) = 3*k + 7. Let o be a(5). Let m = 31 - o. Calculate the highest common divisor of m and q.
9
Let k be (-8)/(-36) + (-14)/(-18). Let u = k + 62. What is the greatest common factor of u and 21?
21
Let y(n) = n - 5. Let q be y(9). Suppose -3*b + 10 = 2*z - 1, 0 = 4*b + z - 13. Suppose s = -b*s + 48. What is the highest common divisor of s and q?
4
Let n(b) = -51*b**3 - b**2 + 1. Let d be n(-1). What is the greatest common factor of 34 and d?
17
Suppose -22 - 2 = -3*b. What is the highest common factor of 8 and b?
8
Let t = -31 + 37. Calculate the highest common divisor of 6 and t.
6
Suppose -49 = 3*z + 80. Let b = -26 - z. What is the greatest common factor of 17 and b?
17
Suppose 7 = -4*a + 39. Let q = -512 - -295. Let y be q/(-3) - 1/3. What is the greatest common factor of a and y?
8
Let s = 133 + -82. Calculate the greatest common divisor of 34 and s.
17
Let y = -30 + 54. Let w(n) = 61*n**2 + n. Suppose 3 = 2*p + 5. Let f be w(p). What is the greatest common divisor of y and f?
12
Suppose 0 = -t - 9 + 33. Let f = t - 3. What is the highest common factor of f and 14?
7
Suppose -3*a + 380 - 86 = 0. Suppose -2*p + 2*d = -a, -3*p + 201 = p + d. Let x be (-14 - -4)/((-2)/4). Calculate the greatest common factor of p and x.
10
Let j = 35 - 2. What is the highest common factor of j and 132?
33
Let b = 32 + -162. Let x = -47 - b. Let k = 151 - x. What is the greatest common divisor of k and 17?
17
Let v = -34 + 18. Let j = v + 42. What is the greatest common factor of 52 and j?
26
Suppose -4*h - 5*z = -h - 49, 85 = 3*h - 4*z. Calculate the greatest common factor of 184 and h.
23
Suppose -2*y - 3 + 7 = 0. Suppose 2*x + 32 = 6*x - y*m, x = m + 10. Suppose 0*g - 2*g = -x. What is the highest common divisor of g and 3?
3
Let c = -2 - -5. What is the greatest common divisor of c and 24?
3
Suppose -2750 = -7*v + 2*v. Suppose 7*w - 2*w - v = 0. Suppose 4*x = -4*r + 56, 2*x - 18 = r - 2*r. What is the highest common divisor of w and r?
10
Let q be ((-25)/2)/((-1)/(-2)). Let u = q + 40. Suppose 75 = 20*f - 15*f. What is the highest common divisor of u and f?
15
Let f be -4 + -6 - -6 - -16. Calculate the greatest common divisor of f and 108.
12
Let p = 25 - 15. Let l be (-4)/(-18) + (-156)/(-27). Let c = p - l. Calculate the highest common factor of c and 1.
1
Let s be (4 + 9)/(1 - 0). Suppose -z + 2*p + 1214 = 0, -4*z + 980 = 5*p - 3928. Let g be z/13 - (-6)/(-2). Calculate the greatest common factor of s and g.
13
Let b = 0 + 3. Let l = b - -1. Suppose 2*x + 37 = 5*x - l*a, 3*a + 54 = 4*x. What is the highest common factor of x and 3?
3
Let w(p) = p**2 - p + 6. Let q = 14 + -23. Let u be w(q). What is the greatest common factor of u and 12?
12
Suppose 53 - 5 = q. What is the greatest common factor of q and 6?
6
Suppose 0*z = -z + 9. What is the greatest common factor of 63 and z?
9
Let y = 0 + 10. Suppose 5*d = -2*r + 13, 0 = -4*r + 2*d + 3*d + 11. Calculate the highest common divisor of y and r.
2
Let y(k) = -3*k + 4. Let b be y(3). Let x(r) = -r**3 + 4 + 0*r - 5*r**2 - r + 1. Let s be x(b). What is the highest common factor of 110 and s?
10
Suppose -n + 5*p = -11, 5*n + 6 = -4*p + 61. Let j be -5 - (-4 + 3)*16. Calculate the greatest common divisor of n and j.
11
Suppose h - 5 = -3. Let n be 455/15 - h/6. Calculate the greatest common factor of n and 20.
10
Let b = 5 + -2. Let g be -8*(-6)/(9/b). Suppose 2*x - 36 = 44. Calculate the highest common factor of x and g.
8
Let a(d) = d + 13. Let r be a(-9). Suppose -2*x + 28 = -p + 5*p, -r*x = 2*p - 8. What is the greatest common factor of p and 16?
8
Suppose -2*n - 2 = -2*r + 12, -2*n = 3*r - 46. Calculate the highest common factor of r and 18.
6
Suppose 0*t + 3*t = -3*j + 75, -3*t = -4*j - 89. What is the greatest common divisor of t and 135?
27
Let j be 5/1*3/(-5). Let c be j/18*-3*24. Suppose -u - c = -3*u. What is the greatest common divisor of u and 6?
6
Let u be (1 - -47)*10/15. Let h be 46 - (-6)/(9/3). What is the highest common factor of h and u?
16
Let o(x) = 409*x + 26. Let l(g) = -82*g - 5. Let w(t) = 11*l(t) + 2*o(t). Let q = -4 + 2. Let h be w(q). What is the highest common factor of h and 15?
15
Let l = -11 - -8. Let g be -6*(2/(-1) - (-12)/8). Let p be g/3*l + 13. Calculate the highest common factor of p and 110.
10
Suppose a = -0*a + 36. Suppose -3*h - 2*t = -45 - 29, 0 = -5*h - 2*t + 122. Calculate the greatest common divisor of a and h.
12
Let s(r) = r**3 + 6*r**2 + 5*r + 3. Let n be s(-5). Let k(a) = -a**3 + 6*a**2 + 5*a - 6. Let v be k(6). What is the highest common factor of n and v?
3
Let w(f) = 3*f - 10. Let u be w(7). Calculate